ppose -11*f + j*f = -46211. Is f composite?
False
Let v = -1068 + 1851. Suppose 0 = 4*s - 16723 + v. Is s a composite number?
True
Suppose -174*t = -171*t + v - 6241, 4*t = 5*v + 8334. Is t prime?
True
Suppose -155*r - 163*r = -303*r - 431070. Is r prime?
False
Suppose 410*z = 3*y + 406*z - 850987, -3*y + 851012 = z. Is y a composite number?
False
Let b be 935/2 + 10/(-20). Let n be -2*2/(-4) + -2 + -272. Let h = b + n. Is h a composite number?
True
Let a be (1 - 0)*(3 + 2 + 2). Suppose 0 = 3*u - 5*i + 2643, -2*u + a*u + i + 4433 = 0. Let r = u + 1947. Is r prime?
True
Suppose -23*y = 356*y - 165547579. Is y prime?
True
Let g = -726450 + 1503799. Is g composite?
False
Let q(m) = 4*m**3 + 4*m**2 + m - 10. Let c be q(4). Let g = 553 - c. Is g a prime number?
True
Let k(v) = 17 - 9 - 3*v**2 - 5 - 3*v + 565*v**3 + v. Is k(2) a composite number?
False
Let d(n) = -236*n + 5359. Is d(0) a prime number?
False
Let p = 532 - 933. Let v = 2058 + p. Is v prime?
True
Let l be 100 - 15 - (1 + -2). Let r = 1109 + l. Is r a prime number?
False
Is 154521/15 + (3/(-10))/(99/132) composite?
False
Suppose 3*p = m + 27, 5*m = -p - 0*p - 7. Suppose -p = 27*u - 31*u. Suppose -564 = -2*l - u*l. Is l a composite number?
True
Suppose -3*g - 7*s + 12*s = -48330, 5*g - 80516 = -3*s. Is g prime?
False
Suppose -4*n + 2*t = 2, -n + 5*t - 7 = -2. Suppose 2*j = n, 0 = -4*k - 3*j - 2 + 10. Suppose 12 = -3*u, 0 = 4*z + k*u - 5*u - 808. Is z a prime number?
True
Let t be (-1 - 56/(-12))*(-1 - 2). Let f(m) = -188*m - 207. Is f(t) a composite number?
False
Let v(x) = -142*x**3 + 4*x**2 - 12*x + 21. Let j be v(3). Let s = 6532 + j. Is s a prime number?
True
Let q(f) = -6*f - 90. Let u be q(-15). Is 788/16*((7 - u) + 1) prime?
False
Let h = 361 + -10995. Let b = -4477 - h. Is b a composite number?
True
Let g(q) = 10*q**3 + 10*q**2 - 167*q - 59. Is g(12) a composite number?
False
Let k(g) = -13*g + 116. Let m be k(9). Is (83037/9 - m)*(-21)/(-14) a composite number?
False
Let y(o) = -121*o**3 + 50*o**2 - 17*o + 53. Is y(-9) composite?
True
Let x = 1003415 + -276378. Is x composite?
True
Let j = 4851 - 2858. Suppose h - j = -0*h - 2*v, h + 3*v - 1997 = 0. Suppose 13*d = 18*d - h. Is d prime?
True
Let z be (-48)/(-18) + -3 - (-80)/6. Suppose -z*n - 1890 = -3*n. Is (3 - -2) + -5 - (n + 2) a composite number?
True
Let s be (4 - 4)/((-5)/((-5)/(-2))). Suppose 3*v = -k - 0*k + 608, 2*k - v - 1181 = s. Suppose 3*y - k = 5*u, -7*u = 5*y - 4*u - 943. Is y prime?
True
Let h(y) = 135*y**3 + 10*y**2 - 40*y - 67. Is h(10) a prime number?
True
Suppose 9*p - 20 + 2 = 0. Suppose 3*m = -5*z - 66, 0 = p*z - 0*m - m + 33. Is 12692/20 - (3 + 51/z) a composite number?
True
Suppose 16*h - 29336 + 7864 = 0. Suppose 5*a = -2*d + 2053 + 184, h = 3*a + d. Is a prime?
False
Suppose 19 = 31*t - 12. Let y(b) = 5322*b**2 + 6*b - 5. Is y(t) a composite number?
False
Suppose -m + 6104 = -3*x, -281*x = 2*m - 277*x - 12238. Is m a prime number?
True
Suppose 5*z = 5*r + 12 + 123, 5*z + 21 = -r. Is 921 + r - (-4 - 0) prime?
False
Let i(t) = -2*t**3 + 23*t**2 + 40*t - 7. Let y be i(13). Suppose y*x + 3468 = 31506. Is x composite?
False
Suppose -3*x - 45622 = 5*b + 41068, 86684 = -3*x + b. Is (-1 - x)*13/26 a prime number?
True
Let w(a) = 8214*a - 35. Let h be w(3). Let o be 2*2*(-35)/(-20). Suppose 4*p = -o*p + h. Is p prime?
True
Let w = -170 - -173. Suppose 0 = -w*q - 4*m + 3*m + 571, m = -q + 189. Is q a prime number?
True
Suppose -2*l = 6*l - 14*l. Suppose l = 5*x - 1679 - 11676. Is x prime?
True
Suppose 900017 = 13*w - 446484. Is w a prime number?
True
Is 134498 - (1 + 3 + 30/6) composite?
False
Suppose 0 = 2*h, -852 = v - h - 8529. Suppose 0 = u + 4*u + 2*p - v, 0 = p + 4. Is u a prime number?
False
Let b = 5 - 3. Suppose -524*u - 328 = -525*u. Suppose 0 = -b*i - g + u, -i - 16 = -g - 177. Is i a composite number?
False
Suppose -4*i + 2*i + 10 = 0. Suppose 6 = 4*m + 3*g, i*m + 0*g - 10 = -5*g. Suppose 4*x - 5*c - 1136 = m, x - 2*x - 3*c + 301 = 0. Is x a prime number?
False
Let h be (6/5)/((-4)/10). Let c(l) = -617*l - 4. Is c(h) composite?
False
Let r be (-5)/(15/(-3)) + 3. Suppose r*t - 24 = -0*t. Is (4/t)/(-2)*(2 - 1673) a prime number?
True
Is ((-455)/1785*-17)/((-1)/(-220377)) composite?
True
Suppose -19*y + 14 = -12*y. Suppose 9504 + 1634 = y*d. Is d a composite number?
False
Let v be 4 + (-1)/((-4)/6940). Suppose 4*y + v = t, 3*t - 2*y + 7*y = 5234. Suppose 5*w = t + 1322. Is w prime?
True
Suppose -x + 774 = -3*a + 4*a, -4*a + 3071 = -x. Suppose d - a = -142. Let m = 916 - d. Is m a prime number?
False
Let r(v) = -2*v**3 - 135*v**2 + 176*v + 171. Is r(-78) composite?
True
Let n(r) = 238*r**3 + 3*r**2 - r - 2. Let u be n(-2). Let x = u + 1034. Let a = x - -2329. Is a composite?
False
Let m(o) = -169*o - 12. Let r be m(1). Is (-1)/(24/(-9) + 3)*r a prime number?
False
Let b(w) = 525*w - 5. Suppose 0 = 2*l - 4*l + 6. Suppose -5*r + l = -17. Is b(r) prime?
False
Is ((-8028042)/264)/(3/(-12)) composite?
False
Suppose 4*x - 3*m = 22879, 17*x - 16*x - 5725 = -m. Suppose 2*v + 3816 = 2*o, -3*o - 5*v = -6*o + x. Is o a prime number?
False
Suppose 0 = -b + 39 - 7. Is (0 - 13)*(-969 + b) composite?
True
Suppose -2*f = 44*j - 49*j + 1556257, j = -2*f + 311249. Is j a prime number?
False
Suppose 8*h - 8 = -8. Is 1/(1 + h + (-18528)/18536) composite?
True
Let l(y) = 2046*y**3 - 11*y**2 + 2*y - 2. Is l(3) prime?
True
Let x = -155973 + 709826. Is x a prime number?
False
Suppose x - 80883 = -3*d, 12*d - 15*d = -x - 80895. Is d prime?
False
Let u(m) = 3685*m - 72. Let f(s) = -1843*s + 37. Let q(x) = 5*f(x) + 3*u(x). Is q(5) a prime number?
False
Let n(r) = -300*r - 29. Suppose 3*i + 4*d = 4 + 19, -i - 9 = -2*d. Let c be -13 - i*(-4 + 3). Is n(c) prime?
True
Let y be (-4)/(-6)*(-142194)/(-52). Is (y/(-5))/((-112)/10 + 11) a composite number?
False
Let a be ((-10)/(-50))/((-2)/4)*8185. Let h = 7067 + a. Is h prime?
True
Let m(n) = 951*n**2 - 3*n + 4*n + 30 - 3*n - 4*n. Let p be m(4). Suppose 38*b + p = 44*b. Is b a prime number?
False
Let r be (-25)/(-2)*(-24)/(-20)*1. Let k be 72/(-15)*(r - 5). Is 13044/k*(-1 - 7) prime?
False
Let a(s) = 39621*s + 628. Is a(5) a composite number?
False
Let s(n) = 10 + 458*n - 461*n + 15 + 243*n**2 - 111*n**2 + 341*n**2. Is s(6) prime?
False
Suppose -33*a = -437958 - 503414 - 3214021. Is a a prime number?
True
Is 396/88 - 311385/(-2) composite?
True
Let k(v) = 16*v**2 + v + 25. Is k(8) a composite number?
True
Let s be (-11)/(1089/3826427) - 2/9. Let i = s - -70824. Is i a prime number?
True
Let n(f) be the second derivative of 7*f**4/2 - 5*f**3/3 - 77*f**2/2 - 126*f. Is n(8) prime?
True
Let c = 112 + -106. Suppose c*n - 5224 - 7058 = 0. Is n prime?
False
Suppose 2*m + 0*i - 2*i = -1006, -1996 = 4*m + 4*i. Let c = 263 + m. Let o = -161 - c. Is o a prime number?
False
Suppose 38*g - 35*g = 3231. Suppose g + 19572 = 3*x. Is x a prime number?
True
Is (3 - (2 - 134611)) + 67 + -62 composite?
True
Let q(l) = l**2 + 35*l - 36. Let m be q(-36). Suppose m*t - 16247 = -7*t. Is t a composite number?
True
Let z(b) = b**3 + 118*b**2 + 53*b + 593. Is z(-75) a prime number?
False
Let b(t) = 514*t**3 + t**2 + t. Let w be (-5)/15 - (-6)/(-9). Let l be b(w). Let s = l + 895. Is s composite?
True
Let s = -165 + 83. Is (-2)/(-8) - 44/32*s a composite number?
False
Suppose 4*x - 7*i = -11*i + 36, 3*x + 4*i - 30 = 0. Is ((-4)/x)/((-8)/3972) a composite number?
False
Suppose 19*b + 3216 = -2758 + 255. Let g(z) = -8*z**3 + 2*z - 4. Let m be g(3). Let l = m - b. Is l a composite number?
True
Let i(p) = 2*p**3 + 6*p**2 - 14*p - 9. Let v be i(-5). Is ((-22)/(-143) + (-59)/v)*6609 composite?
True
Let g(c) = -2*c**2 - 5*c + 5. Let i be g(-5). Let o(d) = 13*d + 55. Let p(s) = 25*s + 100. Let k(f) = 11*o(f) - 6*p(f). Is k(i) prime?
False
Let x = 18284 - 3381. Is x a prime number?
False
Let s be ((-32)/20 - 3/(-5))/(-1). Is (6/18*s)/((-2)/(-8166)) prime?
True
Let t(s) be the third derivative of -7*s**5/30 - s**4/24 + s**3/2 + 3*s**2. Let b be t(-4). Let g = b + 344. Is g composite?
False
Suppose -4*a + k = -37, -1 = -2*a - 5*k + 2*k. Let o(s) = s**2 + 91 + 3*s + a*s**2 - 5*s**2 - 5*s**2. Is o(0) a prime number?
False
Let a(r) be the second derivative of 95*r**3/2 - 53*r**2/2 - r + 18. Is a(6) prime?
True
Is (-6)/((-191